List the prime factors of x.
3, 5
Let q(y) = -5*y + 737. What are the prime factors of q(22)?
3, 11, 19
Let r(q) = q - 1. Let b be r(3). Suppose 2 - 4 = b*f. What are the prime factors of (-3 - -13) + -1 + f?
2
Let q(c) = 6*c**3 + 3*c**2 - 3*c. Suppose -3*v - 3 = -2*l, l - 3*v = v - 1. List the prime factors of q(l).
2, 3, 5
Suppose 2*m + 0*m - 440 = 0. Suppose -x - 4*n = -0*n - m, -4*n = 5*x - 1036. What are the prime factors of x?
2, 3, 17
Let l = -26 + 34. Let u be (-252)/(-48) + (-2)/l. Suppose 0 = 2*s - 2, 5*s - 177 - 78 = -u*p. What are the prime factors of p?
2, 5
Let q(j) = j**3 - 21*j**2 + 19*j + 7. Let d be q(20). Let s(y) = y**2 + 14*y + 16. Let f be s(d). List the prime factors of 96/f + (0 - 1).
31
Suppose -a = 2*c - 42, -4*a + 147 = -5*c - 60. List the prime factors of a.
2, 3
Let a be (-4024)/(-11) - ((-10)/55 - 0). Suppose -a = -g - 41. What are the prime factors of g?
5, 13
Let u be 10 + 13 + (0 - 1). Let m = 11 - u. List the prime factors of 2*12 + 8 + m.
3, 7
Let t = 557 - 398. List the prime factors of t.
3, 53
Let h(m) = m**3 - 6*m**2 - 9*m + 5. Let j be h(7). What are the prime factors of j/(-21) + (-137)/(-7)?
2, 5
Let v(z) = 719*z**3 + 3*z**2 + z. What are the prime factors of v(1)?
3, 241
Suppose -673 = 5*y + 392. Let j = y + 305. What are the prime factors of j?
2, 23
Let f be 275/6 - (-1)/6. Suppose -l = 4*p - 13, 3*p + 8 + 11 = 5*l. Suppose -3*v + 31 = p*n, v + 6 = 5*n - f. List the prime factors of n.
11
Let s(c) = -c**2 - 10*c + 5. Let p be s(-10). Suppose -2*o + p*y = -193, -y = 2*o - 2*y - 189. What are the prime factors of o?
2, 47
Let a(y) = 41*y**2 + 26*y - 94. What are the prime factors of a(5)?
1061
Let i(z) = z**2 + 3*z - 6. Let r be i(-4). Let n(t) = -t**3 + t. Let a(f) = -2*f**2 + 3*f - 1. Let x(p) = -a(p) + 2*n(p). List the prime factors of x(r).
3
Let c(k) = -k**3 + 35*k**2 - 23*k + 3. List the prime factors of c(34).
13, 29
Let k = 108 - 44. List the prime factors of k.
2
Suppose -13*h + 12929 = -6*h. What are the prime factors of h?
1847
Suppose -34*y + 37443 - 8611 = 0. List the prime factors of y.
2, 53
Let i = 30 - 15. Let c be (-10)/(-8)*((-52)/4 - -1). What are the prime factors of 6/c + 231/i?
3, 5
What are the prime factors of (102/(-2))/(-4*(-2)/(-48))?
2, 3, 17
Let y = -67 - -87. List the prime factors of (-6)/(24/y) - -130.
5
Suppose 0 = 4*r + 3*w - 1474, -2*r + 13*w - 15*w + 738 = 0. What are the prime factors of r?
367
Let h = -38 + 41. Suppose 2*v + 4 = 0, -4*v - 132 = -h*f - 7*v. What are the prime factors of f?
2, 23
Suppose -17*s + 3507 + 2715 = 0. What are the prime factors of s?
2, 3, 61
Let l be ((-18)/45)/((-1)/15). List the prime factors of 1/l*9 + (-908)/(-8).
5, 23
Let k(y) = -5*y**2 + 8*y - 10. Let c(u) = -u**2 + 1. Let d(s) = 3*c(s) - k(s). What are the prime factors of d(10)?
7, 19
Suppose -5*w - 44 = -4*h, -5*h + 2 = -3. Suppose -2 = i - 19. Let v = w + i. What are the prime factors of v?
3
What are the prime factors of (-2)/(-10) + -11 + 8159/5?
1621
Let i(r) = 2*r + 2. Let b be i(1). Let l(x) = 3*x**2 - 2*x + 2. Let t be l(b). Let j = t - -4. What are the prime factors of j?
2, 23
Suppose -14 = -n + 4*b + b, 5*n + 10 = 5*b. Let o(g) = -g**2 + 3*g + 73. Let p be o(-8). List the prime factors of ((-50)/p)/((-1)/n).
2, 5
Suppose -4*d + 42 = 3*d. Suppose 259 = d*n + 7. What are the prime factors of n?
2, 3, 7
Let z = 4456 - 3080. List the prime factors of z.
2, 43
Let m(x) = -45*x + x + 2 - 2. List the prime factors of m(-1).
2, 11
Suppose n - 46 = -0*n + x, -x + 104 = 2*n. What are the prime factors of 1936/220*1/(4/n)?
2, 5, 11
Let n(d) = -d. Let z be n(-4). Suppose -3*j - 3626 = -z*j. List the prime factors of 1/5 - j/(-70).
2, 13
Let h(n) = -n**3 + 4*n**2 - 7*n - 8. What are the prime factors of h(-6)?
2, 197
Let v = 6836 + -2005. List the prime factors of v.
4831
Let d = -4 - -7. Let a be (4 - 8)*(-2)/4. What are the prime factors of 31/(d + (-4)/a)?
31
Let f be (-1644)/(-18) - (-8)/(-6). Let d = f + -19. What are the prime factors of d?
71
Let k(r) = r**3 - 4*r**2 + 4*r - 4. Suppose 5*x = 4*h - 36, 5*x + 11 = h - 13. Let z be k(h). Suppose z*u = 16*u - 128. What are the prime factors of u?
2
Let t = 700 - 430. Let l = t + -76. What are the prime factors of l?
2, 97
Let u(z) = -z**2 + 9*z - 2. Suppose 4*x = -5*n + 10, 0*x = 2*n + x - 4. Suppose n*b - 13 + 5 = 0. List the prime factors of u(b).
2, 3
Let r(h) = 1560*h + 125. What are the prime factors of r(3)?
5, 31
Suppose 4*v - 24 = -2*y, 3*y - 6 = 3*v - 15. Let i = v + -3. Suppose j = 5*d - d - 49, d - 5*j + i = 0. What are the prime factors of d?
13
Suppose -4*m + 4726 = -3*t, 118*m - 4728 = 114*m + 4*t. What are the prime factors of m?
2, 5, 59
Let g = 3 + -3. Suppose 0 = -4*j + 5*l + 413, -j + 0*j + l + 102 = g. Let m = -58 + j. What are the prime factors of m?
3, 13
List the prime factors of (375/2 + -5)/(2/4).
5, 73
Let a = 119 + -117. Suppose -a*d + 59 = -167. List the prime factors of d.
113
Let y(c) = -25*c - 13. Let m be y(11). Let k = -203 - m. List the prime factors of k.
5, 17
Suppose -2*l + 8 + 0 = 0, 0 = -4*g + 4*l + 136. What are the prime factors of g?
2, 19
Let h(b) be the second derivative of -b**3/2 - 3*b**2/2 - 2*b. What are the prime factors of h(-17)?
2, 3
Suppose 3*l + n = 40, -n + 6*n - 44 = -3*l. Suppose -l + 245 = 4*m. List the prime factors of m.
2, 29
Let r(b) = -b**3 - 10*b**2 - 7*b - 1. Let w be r(-9). Let m = 25 + 16. Let y = m + w. What are the prime factors of y?
2, 11
Suppose 849 = 4*v + 5*n, 0 = 3*v - v + 4*n - 420. Let a = 325 - v. What are the prime factors of a?
109
Suppose 0 = -53*u + 113528 + 50931. List the prime factors of u.
29, 107
Suppose -2*j - 5*h = j - 2115, -4*h = 4*j - 2812. List the prime factors of j.
2, 5, 7
Let h(w) = 10*w + w + 2*w + 2*w + 2*w**2 - 2. What are the prime factors of h(-11)?
3, 5
Let v(z) = -2*z**2 + 2*z + 6. Let w be v(3). Let y be 3/w*(-50 - -2). Suppose 0*j + j = y. What are the prime factors of j?
2, 3
Let b(z) = 288*z - 190. What are the prime factors of b(5)?
2, 5
Let d be ((-10)/(-15))/((-1)/33). Let w(t) = -8*t - 51. What are the prime factors of w(d)?
5
Suppose -b + 0*b + 3 = 0. Suppose -3593 - 931 = -78*o. List the prime factors of o - (1 - (-4 + b)).
2, 7
Suppose -48 = 76*g - 70*g. List the prime factors of (-98)/g - (-36)/48.
13
Let f(a) = 61*a**2 + 16*a + 84. List the prime factors of f(-8).
2, 5, 193
List the prime factors of ((-390)/(-3))/(2/19).
5, 13, 19
List the prime factors of (-4)/(16/12) - (-2 + -232).
3, 7, 11
Let u(d) be the third derivative of 3*d**4/8 - 3*d**3/2 + 19*d**2. List the prime factors of u(9).
2, 3
Let b = 395 + -250. Suppose -c + 2*c - b = 2*k, 3*k = 5*c - 697. What are the prime factors of c?
137
Let y be (33/(-44))/(3/(-12)). Suppose -3*z - 418 - 323 = -y*j, -z + 725 = 3*j. List the prime factors of j.
3
Let q(y) = -908*y - 90. List the prime factors of q(-3).
2, 3, 439
Let k(p) = -p**3 + 6*p**2 + 8*p + 7. Let m be k(5). Suppose c = x + x + m, -160 = -2*c - 4*x. List the prime factors of c.
2, 19
List the prime factors of 14*(-7)/70*-2165.
7, 433
Let g(j) = 113*j**2 + 7*j + 7. List the prime factors of g(-1).
113
Let n(y) = -y**2 - 5*y + 6. Let c be n(-6). Suppose -2*z + 233 - 75 = c. List the prime factors of z.
79
Suppose 3*n - 341 = -r, -9*n - 569 = -14*n - 2*r. List the prime factors of n.
113
Suppose -9*x + 20 = -5*x. Suppose h + 16 = x*h. Let p = h - 1. What are the prime factors of p?
3
Suppose a + 4*a = -340. Let i = a + 155. Let l = -43 + i. What are the prime factors of l?
2, 11
Suppose 0 + 26 = -3*u - 2*r, -3*u - 4*r - 28 = 0. Let y(g) be the second derivative of g**4/12 + 5*g**3/6 - g**2/2 - 2*g. List the prime factors of y(u).
23
Suppose 155 = l + y, 4*l = 5*y + 252 + 359. List the prime factors of l.
2, 7, 11
Suppose 27*l = 34*l + 98. What are the prime factors of l/(-63) + 1*806/18?
3, 5
Suppose 8 = y - 7. Let d be (y/6)/(4/72). Let a = d + -23. List the prime factors of a.
2, 11
Let q(y) = -y**3 - 44*y**2 + 245*y - 6. Let l be q(-49). Let j(b) = -1 - b**3 - 7*b**2 - 6*b - 5*b + 3*b. What are the prime factors of j(l)?
11
Let d(l) = -l**3 - 14*l**2 + 17*l + 18. Let m(i) = 2*i**3 + 28*i**2 - 33*i - 37. Let u(o) = -5*d(o) - 2*m(o). What are the prime factors of u(-15)?
2, 11
Let v = 25 + -7. Let